k - 2*j = 24. Let d = 18 + -8. What is the highest common factor of k and d?
2
Let z(q) = -q + 3. Let n be z(3). Let l(h) = h + 14. Let b be l(n). What is the greatest common factor of b and 70?
14
Let p(v) be the second derivative of -7*v**3/6 - v**2/2 + 3*v. Let x be p(-3). Suppose -2*g + 1 = -9. What is the highest common divisor of g and x?
5
Suppose 0*i - 5*s = 3*i - 35, 4*i = 3*s + 95. Let v = -9 + i. What is the highest common divisor of 44 and v?
11
Let q = -1 + -1. Let n be (3 + q/(-2))*4. Let r be -1 - (-2)/(-4)*-34. What is the highest common divisor of n and r?
16
Let b = 5 - 0. Suppose 0 = -0*j - b*j - 570. Let a be 3 + 3 + j/(-1). Calculate the greatest common factor of a and 15.
15
Let b = 20 + -8. Suppose 5*g + 5*h = 85, -4*h = -4*g + 80 + b. Let n = g - 9. What is the greatest common divisor of 1 and n?
1
Let k(d) = -3*d + 15 + 24*d + 8*d. Let c be k(6). Calculate the greatest common divisor of 21 and c.
21
Suppose -2*r = r - 6. Suppose 2*a + 3 = -5*b + 3*a, -3*b + 6 = 2*a. Suppose -4*t - 2 + 18 = b. Calculate the highest common factor of t and r.
2
Let w(r) = -6*r. Let n be w(-2). Let c be (4 - 2)*58/4. Let x = -11 + c. What is the highest common divisor of n and x?
6
Let c be (90 + 0)*(2 + -1 + 0). What is the greatest common factor of 18 and c?
18
Let k = -4 + 7. Let y be 4*k/6 + 13. Calculate the greatest common factor of y and 165.
15
Let w(g) = g**2 - 3*g + 3. Let y be w(6). Let h be (-8)/(-6)*(-9)/(-2). Let n = h - -8. What is the highest common factor of n and y?
7
Let a = 2 + 3. Let w be 146/a + 2/(-10). Let f = -17 + w. Calculate the greatest common factor of 6 and f.
6
Suppose 4*a - 15 = -2*r + 91, r = -4*a + 101. What is the greatest common factor of 60 and a?
12
Suppose -5*b + 73 - 258 = 0. Let v = -22 - b. Calculate the greatest common factor of 5 and v.
5
Let y(x) = 3*x**2 + 4*x - 8. Let f be y(2). Calculate the greatest common factor of f and 192.
12
Let x = -6 + 7. Let k be (75 + x)*(-1)/(-2). Calculate the greatest common factor of 95 and k.
19
Suppose -w = 2*w - 285. Calculate the highest common divisor of 19 and w.
19
Suppose 4 - 15 = -v. Calculate the highest common divisor of 88 and v.
11
Suppose 5*d - 3*d + 6 = 0. Let m be 2/3*d - -8. Calculate the greatest common divisor of 6 and m.
6
Let n = -6 - -2. Let x be (20/n)/(1/(-3)). What is the highest common divisor of x and 75?
15
Let a(u) = 11*u - 24. Let y be a(4). What is the highest common divisor of 16 and y?
4
Let b = 274 - 175. Calculate the greatest common factor of b and 11.
11
Let k(p) be the second derivative of -p**4/12 - 4*p**3/3 + 3*p**2/2 - p. Let o be k(-7). Calculate the highest common factor of o and 2.
2
Let h = -2 + 5. Let m(r) = 3*r**2 + r - 7. Let c be m(-5). Suppose -h = 3*i - c. Calculate the highest common divisor of i and 8.
4
Suppose 0 = -3*o + 3, -4*o + o = k - 11. Let x = k + -4. Suppose 0 = x*c - 0*m - 2*m - 38, -5*m = -3*c + 32. Calculate the greatest common divisor of c and 9.
9
Let i be ((-126)/(-4))/(2/4). Suppose 0 = 5*h - 4*k - 25, k + 9 - 4 = 0. Let a be 0 + 1 + 8/h. What is the greatest common divisor of a and i?
9
Suppose -2*o - 12 = -32. What is the greatest common factor of o and 50?
10
Let j(z) = -z**3 + 11*z**2 - 8*z - 3. Let q be j(10). Calculate the greatest common divisor of 119 and q.
17
Suppose -4*s + 4*l + 317 = 45, 0 = -3*s - 2*l + 214. Suppose 0 = a - 6*a + 50. Calculate the greatest common divisor of a and s.
10
Let h be (-4)/(-6) + (-86)/(-6). Let z be ((-4)/((-8)/(-15)))/(2/(-32)). What is the highest common factor of z and h?
15
Let n be (105/(-4))/((-3)/(-12)). Let g = n - -201. What is the highest common factor of g and 12?
12
Suppose 0 = -3*p + 36 - 9. Suppose p + 11 = 4*l. Suppose -r = -l - 3. What is the greatest common divisor of 2 and r?
2
Let s be 6/(-27) + ((-1480)/(-18) - 0). What is the greatest common factor of 123 and s?
41
Suppose 0 = 2*u + 2*b - 28, 2*b + b = -4*u + 58. What is the greatest common divisor of 40 and u?
8
Let g be 10/(-6)*(-5 + 2). Suppose -5*d - 5*b + 45 = -2*b, -g*b + 25 = 0. Suppose d*j - 5*j = 24. What is the highest common divisor of j and 16?
8
Suppose -o - 39 = -5*d, 3*o + 8 = d - 11. Let v = 3 + 4. What is the greatest common factor of d and v?
7
Let u(k) = -k**3 - 8*k**2 + 15*k + 10. Let l be u(-10). What is the greatest common factor of l and 15?
15
Suppose 0 = -2*c - 2*g + 378, 0*g - 2*g = -2*c + 370. Suppose 5*t + f - c = 310, 3*t - 4*f - 289 = 0. Calculate the greatest common factor of t and 9.
9
Let j(r) = 24*r**2 + r + 1. Let l be j(2). Let q be (-74)/(-9) - -1 - (-40)/(-180). Calculate the greatest common divisor of l and q.
9
Let j be (6/9)/((-2)/6). Let l be (4/2)/((-1)/j). Let q(n) = -n**2 + 8*n + 9. Let d be q(7). Calculate the greatest common divisor of l and d.
4
Suppose -v + 2*t + 80 + 10 = 0, -3*v + 3*t = -267. What is the highest common factor of 22 and v?
22
Let i be (-18)/(-2) + 5 + -6. Calculate the greatest common divisor of i and 4.
4
Suppose 0 = r - 0*c + 4*c + 10, 0 = -r - c + 2. Suppose -11 = r*x - 203. What is the greatest common divisor of 4 and x?
4
Let y(j) = j**2 + 3*j + 3. Let a be y(-2). Let x be (-1 + 0)*(a + -1). Suppose x = -2*k + 12 + 8. Calculate the greatest common factor of 110 and k.
10
Let s = -1 + -11. Let r(d) = -d**3 + d - 80. Let c be r(0). Let t be 2/6 + c/s. Calculate the greatest common divisor of 7 and t.
7
Let n be 12/10*(-30)/(-1). Let s be (-1)/(((-40)/315)/8). Let c = s - 45. What is the highest common factor of c and n?
18
Let n = 3 - 3. Suppose n*s - 2*m + 30 = 3*s, -2*m - 6 = 0. Let j(i) = 4*i**2 - 5*i + 4. Let t be j(4). What is the highest common factor of t and s?
12
Suppose 4*x - 34 - 46 = 0. Suppose -d + 3*d = 4*l - 568, l - 124 = -4*d. Calculate the highest common factor of x and l.
20
Suppose 2*m + 100 = 6*m. Let k(x) = -7*x + 3. Let i be k(-1). Calculate the greatest common factor of m and i.
5
Let o(m) = -4*m + 2. Let j be o(-1). Suppose -4*w + 75 = -93. Calculate the highest common divisor of j and w.
6
Suppose -13 = -2*p + 19. Suppose 4*h - 6 = 6. Suppose -5*y - h*w - 2*w - 5 = 0, -5*y + 3*w + 19 = 0. What is the greatest common factor of p and y?
2
Let c = -8 - -14. Let w be 14/3*18/c. Suppose -28 = -3*h + h. What is the highest common factor of h and w?
14
Let z be ((-16)/(-3))/(6/9). Let x be 1*(-3)/3 - -1. Suppose x = 3*h - 29 - 91. Calculate the greatest common factor of h and z.
8
Let m(y) = -y**3 - 2*y**2 - 3*y. Let d be m(-2). Suppose -12 = -d*t + 3*t. What is the highest common divisor of t and 36?
4
Let o = 110 - 98. Calculate the greatest common factor of o and 48.
12
Let v(z) = 2*z**2 + z. Let g be v(2). Suppose 0 = b + 4 - g. What is the highest common factor of b and 30?
6
Let v(y) = y**3 + 9*y**2 - 12*y - 10. Let x(a) = -4*a + 2. Let m be x(3). Let d be v(m). Calculate the greatest common divisor of d and 5.
5
Suppose -4*p = -2*p - 8. Suppose -p*g + 71 = y - 0*g, -2*g = y - 67. Let i = y - 31. What is the highest common divisor of 48 and i?
16
Let q = 12 - -12. What is the highest common divisor of q and 72?
24
Suppose 177 = 3*l - 4*v, 7*v - 330 = -5*l + 2*v. What is the highest common divisor of 7 and l?
7
Let n(i) = -i**2 - 5*i + 6. Let k be n(-3). What is the highest common divisor of k and 108?
12
Let z(a) = -47*a - 3. Let x be z(-2). What is the greatest common factor of x and 13?
13
Let n be 3/((-3)/2) + 18. Calculate the greatest common factor of 32 and n.
16
Suppose 2*o + 4 = -3*p, -o = 4*p - 2*p + 3. Let g be ((-36)/5)/(o/(-5)). Let k = 30 + -18. Calculate the highest common factor of k and g.
12
Let s = -31 + 22. Suppose -4*h + 4*r - 14 = -42, 5*h + 4*r = -10. Let q be (48/s)/(h/(-12)). Calculate the highest common divisor of q and 8.
8
Suppose 33 = 2*m + m. Suppose -5*k + 76 = m. What is the greatest common divisor of k and 52?
13
Let j = -42 - -129. Calculate the highest common factor of 29 and j.
29
Let m = -24 + 39. Calculate the highest common divisor of m and 10.
5
Let z be 16/10 - 4/(-10). Let m(s) = s**2 + 3*s - 17. Let r be m(-6). What is the highest common divisor of z and r?
1
Suppose -8*o + 3*o = -30. Suppose 2*l - o = -0*l. Suppose 0 = s + l*f - 124 - 86, -780 = -4*s + 3*f. What is the greatest common divisor of 18 and s?
18
Let i = -34 - -61. Suppose g + 0*